 + 3*d + 33390978. Is t a prime number?
False
Let n(s) = -914*s - 11. Let b = -87 + 84. Let d(t) = -915*t - 11. Let g(f) = b*n(f) + 4*d(f). Is g(-1) a composite number?
False
Let f(h) = -97636*h + 95. Is f(-6) prime?
True
Let u be 16/(-112) - 1234/(-14). Suppose 16 = l - 2*v, 5*l - l - 2*v = u. Is (10174/l + 14/(-21))*4 prime?
True
Suppose 185 = -5*y - 5*z, -z - 61 - 84 = 4*y. Is ((-2667)/(-2) + -3)/((-27)/y) a composite number?
True
Let v(u) = 8*u**3 - 7*u**2 - 10*u + 16. Let l(t) = 9*t**3 - 7*t**2 - 11*t + 19. Let i(w) = 6*l(w) - 7*v(w). Is i(-9) composite?
True
Suppose 0 = -k - 21*p + 18*p + 288983, 0 = -4*k + 3*p + 1155902. Is k a prime number?
False
Suppose -155013 - 194155 - 131988 = -52*v. Is v a prime number?
False
Let n(r) = 11880*r**3 + 2*r**2 - 5*r + 1. Is n(2) composite?
True
Suppose 2*h = 10, 3*j - 4*h = 27 + 6031. Suppose -4048 = -4*k + 5*q, -4*k = -2*k - 3*q - j. Is k composite?
True
Let g(h) = 3*h**2 + 28*h + 40. Let p be g(-37). Suppose 0 = 5*c - 2464 - p. Is c a composite number?
True
Suppose y - 18 = 2*n - 6, -4*n = 5*y + 24. Is (-1)/n*-6807*(-3 + 1) composite?
False
Let a(d) = -38*d - 57. Let u = -38 - -34. Is a(u) a composite number?
True
Let a(x) = 38032*x**2 + 212*x + 17. Is a(-4) a prime number?
True
Suppose -329946 = -3*q - 3*z, -8*q = 3*z - 78937 - 800944. Is q prime?
True
Suppose -16 - 16 = -2*k. Suppose 0 = k*x - 14*x - 2146. Is x composite?
True
Is (27155 - -24)/(-1 + 2) prime?
True
Let u(f) = f**3 - 5*f**2 + 4*f + 10. Let g be u(3). Let j(y) = 4382*y - 15. Is j(g) prime?
False
Suppose 98697 = 3*d - 5*b, 87*b - 88*b = 5*d - 164551. Is d composite?
False
Suppose 0 = -10*m + 3 + 47. Suppose 30267 = c - 2*l, -5*l + 151324 = m*c - 4*l. Is c composite?
True
Let m = 62 - 46. Let v(p) = 2*p - 28. Let l be v(m). Is (-2)/l + 171/2 composite?
True
Let f(v) = 9*v - 58 + 41 + 140*v**2 - 13*v - 14*v. Is f(-10) a composite number?
True
Suppose 0 = 28*c - 534692 - 1576024 + 360464. Is c a composite number?
True
Suppose -7*p + 6*p + 4*c + 2 = 0, 0 = 2*p + 5*c - 43. Let z be ((-6)/(-2))/(p/4 - 2). Is 14/(-28) - (-3683)/z composite?
True
Let u be -2*4/(-8)*(-3)/(-1). Suppose 5*w = -u*i + 44752 - 13524, -4*i - 12486 = -2*w. Suppose 6*c - 18107 = -w. Is c a prime number?
False
Let h = 184414 - 111366. Suppose 21*i - 13*i - h = 0. Is i a composite number?
True
Suppose 4*k - 9 = h, -4 - 2 = -4*k - 2*h. Is 3/k - 863053/(-86) a composite number?
False
Let m = -66 - -69. Let s(r) = -146*r - 6. Let q be s(m). Is q/(-1) + (-25 - -24) prime?
True
Suppose 25 = 5*h, -2*y + 10*h - 2*h + 45958 = 0. Is y composite?
True
Suppose 7*g - 2*g = l - 5, -155 = -5*l - g. Suppose z = -5*p, 4*p + 6 = 4*z + l. Is 1 - (z + 4886/(-2)) prime?
False
Let o(w) = -2*w**3 + 34*w**2 - 3*w + 1787. Is o(-60) a prime number?
False
Is (-6928613)/(-5) + (-784)/(-1960) prime?
False
Let i(q) = -4*q - 7. Let u be i(-12). Let g = 36 - u. Let c(o) = -16*o**3 - 4*o + 11. Is c(g) a composite number?
True
Suppose -146359 = -14*p + 145527. Is p composite?
False
Suppose 146846 - 4871 = 25*h. Suppose 33*c = 24*c + h. Is c a prime number?
True
Is (-1*466546/4)/(-3*28/168) a composite number?
True
Let r = 237 - 200. Suppose r = -8*l + 93. Is l prime?
True
Let v = 1030948 - 562982. Is v a prime number?
False
Let l be 5/4 + -2 - (-1683)/36. Let m(w) = -22*w + 42 + l - 88. Is m(-1) a prime number?
False
Suppose 3*c + c + 3*t + 53276 = 0, -5*c + 3*t = 66568. Let o = 681 - c. Is o prime?
True
Let n(m) = 114365*m - 347. Is n(2) a composite number?
False
Let v = 392834 - 148647. Is v prime?
False
Let n(p) = -718*p + 5. Let x be n(9). Let v = -10139 - -6443. Let h = v - x. Is h composite?
True
Let k = -9 - -7. Let t be k/10 - 96/(-30). Suppose t*r = -r + 6556. Is r composite?
True
Suppose -5*i - 11 = 4, -i = -5*j + 18. Suppose j*o + 4*z - 19819 = 0, 5*o - z = 20215 + 12855. Is o a prime number?
False
Suppose -5*z + 5*x + 51298020 = 0, -37*x = 3*z - 36*x - 30778816. Is ((-8)/6)/2 + z/465 a prime number?
True
Suppose 2*q = -2*q - 28. Let m(i) = 11*i**3 + 67*i**2 - 29*i + 52. Let a(b) = 2*b**3 + 11*b**2 - 5*b + 9. Let u(l) = -13*a(l) + 2*m(l). Is u(q) prime?
False
Is (756191 - -7) + 7 - (-2 + -4) composite?
True
Suppose -206*q = -210*q + 517588. Is q a prime number?
False
Is 284406/9 - ((-250)/30 + 8) composite?
False
Let q = -12 - -14. Let n be 1509 + 3*3/(-27)*-15. Suppose -q*p = -4*p + n. Is p prime?
True
Suppose -o = -4*b + 75523, -5*b + 2*o + 94403 = -0*b. Is b prime?
False
Let f(d) = -106*d - 2. Let k be f(1). Let n be 20/9 - (-24)/k. Suppose -c + l = -3*c + 5407, 3*c - n*l - 8121 = 0. Is c composite?
True
Suppose 22 + 50 = 3*s. Let v be 12*(378/s)/(-9). Let x(k) = k**3 + 28*k**2 - 14*k - 4. Is x(v) a composite number?
True
Suppose 98461 = 79*u - 74*u + 2*z, -3*u + 59087 = -4*z. Is u a prime number?
False
Let d(q) = 16582*q + 417. Is d(1) prime?
False
Let t(c) = 1380*c + 403. Is t(29) composite?
False
Suppose -1574 = 9*j - 7*j. Let t = 1679 + j. Suppose 0*r + 4*r - t = 0. Is r composite?
False
Let f(g) = -11*g**3 - g**2 + 7*g + 3. Let r be (-1 + 8 + -4)*(-6)/(-2). Suppose -2*d + 3 + 0 = -w, -w - 4*d = r. Is f(w) prime?
False
Is 300008475/260 - 1*4/(-16) prime?
False
Let b = 1148439 + -212906. Is b a composite number?
True
Suppose 2*p - 3*w - 329 = 0, -3*p + 3*w = 5*w - 513. Let j(i) = 2*i**2 + 40*i - 366. Let g be j(-26). Let m = p + g. Is m composite?
True
Let j(r) be the first derivative of -3*r**4/2 - 5*r**3/3 - 4*r**2 - 7*r + 1. Let d be j(-3). Suppose -4*i + d = -102. Is i a composite number?
False
Suppose 5*c + 3*f = -2*f + 4085, -4*f = -4*c + 3300. Let h = c + -68. Is h composite?
True
Suppose 2*u + 5*p + 19 - 5 = 0, 3*p + 15 = u. Is -1*((-8193)/u + 4/(-1)) prime?
False
Let v = -91850 + 529069. Is v a composite number?
False
Suppose 0 = 251*b - 258*b + 84. Is (1 + b/(-9))/(20/(-83940)) composite?
False
Let f = -11 - -12. Let v be f + (3 - (-24)/(-9))*-6. Let u(i) = 1258*i**2 + 1. Is u(v) composite?
False
Suppose -3*q - 55 = -79. Suppose -3 = -q*j + 9*j. Let y(i) = 51*i**2 + 5*i + 3. Is y(j) prime?
False
Let v = -176564 + 345181. Is v composite?
False
Let o = 40923 + -27785. Let l = o - 6055. Suppose 3*d = 3*u - l, -2*d - 12 = d. Is u composite?
False
Let g = 54 + -43. Suppose 9*l = g*l. Is (l/5 + 329)*1 a composite number?
True
Let y = 6 + -7. Let j be 34 - (3/y)/((-15)/(-10)). Is 29205/j + (-1)/4 a prime number?
True
Let p(h) = 5*h**3 + 12*h**2 - 5*h - 12. Let n be p(7). Suppose 5*x + 2825 = 5*g, -4*g + n = -0*x - 2*x. Is g a prime number?
True
Let h(a) be the first derivative of 853*a**2/2 + 20*a + 74. Is h(3) composite?
False
Let l(p) = 12*p**2 + 48*p + 211. Is l(42) a prime number?
False
Let h = -893 - -938. Suppose -2*a + 25265 = -42*p + h*p, -a + 12634 = 3*p. Is a a composite number?
True
Suppose -4*t - 209 - 87 = 0. Let x = t + 322. Let b = 447 - x. Is b composite?
False
Suppose -2*r - 129 = -v, -v - 4*r + 242 = v. Suppose -v + 117 = -4*w. Let u(y) = 240*y**3 - 3*y**2 + 2*y - 3. Is u(w) prime?
False
Suppose 1573*b = 1549*b + 6214440. Is b prime?
False
Let r = 220 - 6999. Let t = r - -51774. Is t composite?
True
Suppose 1725 - 14612 = -3*h - 5*q, q + 12863 = 3*h. Is h a composite number?
False
Let m = 609 + -2616. Let h = -272 - m. Is h a prime number?
False
Suppose 27 + 2 = p. Suppose 5*t = o - p, -4*o - t = -0*t - 11. Suppose o*j = -0*j + 1564. Is j a composite number?
True
Let d be (6 + 72/(-2))*(-6)/(-9). Is (-75097)/(-5) - (-8)/d prime?
False
Let v be 0 - 1 - -4 - -2. Suppose v*z + 0*z = -3*b + 295, -2*b = -5*z - 230. Let a = b + 596. Is a a prime number?
True
Let y = -14095 - -21681. Is y composite?
True
Let h = 213013 + -12864. Is h composite?
True
Let j be (-456)/(-5) - 5/25. Suppose -3*z + 19 = -4*c - j, 5 = -c. Let t = 88 + z. Is t a composite number?
True
Let o = 12 + -3. Suppose -6 = -5*r + o. Suppose -2*g + 888 + 346 = 4*a, 3*g - r*a = 1824. Is g a composite number?
True
Let t(n) = -156231*n - 430. Is t(-11) a composite number?
True
Let l = -36 - 5. Let r = l - -41. Suppose -9342 = -3*n - 6*d + 3*d, r = -4*n - d + 12441. Is n a composite number?
False
Let c = 10643 - 2452. Suppose -2*b + c = 213. Is b a composite number?
False
Let m(z) = 735*z - 205. Let k be m(-11). Let t = -3737 - k. Is t a prime number?
False
Suppose 2*w + 172622 = 5*t - 41473, -4*t = 3*w 